- 3*t = 16 + 11. Suppose 3*p + h = 4*h + q, -5*p = -3*h - 18. What is the tens digit of -2 + -18*(-2)/p?
1
Suppose 0 = s + 3*t - 12, 2*s - 3*t - 34 = t. Let k = s + -3. What is the units digit of k?
2
Suppose 8 + 6 = 4*f - t, -5*f + 5*t = -25. Suppose f*m - 2 = 10. Suppose 4*a = 2*q - 44, m*a = -5*q + q + 64. What is the units digit of q?
8
Suppose 4*i - 1 - 7 = 0. Suppose 6*b = i*b. Suppose -5*n - 5*m + 88 - 23 = b, 2*n = 5*m + 19. What is the tens digit of n?
1
Let f = -20 - -135. Suppose f = 6*o - o. What is the units digit of o?
3
What is the units digit of ((-1674)/4)/3*12/(-9)?
6
Suppose 18 = -3*i + 6. Let m be (40/25)/(i/(-10)). Suppose 0 = u + 1, 0 = -4*c + m*u - u + 7. What is the units digit of c?
1
Let i = 161 - 81. Suppose -5*m - 69 = -3*y - 7, -4*y = -4*m - i. What is the tens digit of y?
1
Suppose 70*j - 63 = 67*j. What is the units digit of j?
1
Let d(a) = -a**2 - 7*a - 5. Let w be d(-5). Suppose 0 = 4*s + 4*l + 1 + 11, l = -2. Let r = w - s. What is the units digit of r?
6
Suppose 63 = 4*r - r. Suppose 0*n - 2*a + 11 = 5*n, 5*n = 3*a + r. What is the units digit of n?
3
Suppose -6*n + 8*n = 50. What is the units digit of n?
5
What is the units digit of (30*3)/((-6)/21*-7)?
5
Suppose -3*g + 107 = d - 0*g, 0 = -4*d + 3*g + 428. What is the hundreds digit of d?
1
Let b be 8/6 + (-8)/6. Let q = b + 4. What is the units digit of q?
4
Let v = -12 + 9. What is the units digit of (-3)/(-2 - v/6)?
2
Let r(s) be the second derivative of -s**6/180 - s**5/120 + s**4/6 - 2*s. Let i(z) be the third derivative of r(z). What is the units digit of i(-2)?
7
Let c(k) = -k**2 - 3*k + 2. Let v be c(-3). Suppose -v*j + 46 = -26. Let m = -19 + j. What is the tens digit of m?
1
Suppose 4*a = 2*i + 26, -2*i + 2 = 2*a + a. Suppose -3*l = -a*x + 5*x + 9, 0 = -4*x - 5*l - 1. What is the units digit of x?
6
What is the units digit of 104/40 - 6/10?
2
Suppose -4*z - 5*w - 27 = -268, 0 = 4*z - 2*w - 234. What is the tens digit of z?
5
What is the tens digit of ((-15)/(-4))/(5/60)?
4
Let t = -2 - -2. What is the units digit of t + -3 + 2 - -5?
4
Suppose 598 = 2*h - 5*o, -2*o = -5*h + 3*o + 1480. What is the tens digit of h?
9
Suppose -3*z - 13 = -1. Let k be 24 - (3 + z + 2). Let c = -12 + k. What is the units digit of c?
1
Let v be (-2)/3 - 88/3. Let u be ((-3)/(-6))/((-1)/v). Suppose 0*l - 3*l + u = 0. What is the units digit of l?
5
Suppose -155 + 32 = -r - s, 0 = -4*r + 5*s + 537. What is the hundreds digit of r?
1
Suppose -y = -32 - 22. What is the units digit of y?
4
Let w = -50 - -75. What is the units digit of w?
5
Let i be 0 - (-2 + -21)*1. Let n = i - 9. Suppose -n = -3*l + 7. What is the units digit of l?
7
Suppose 0 = 2*i + 2, -144 = -4*f - 4*i. What is the tens digit of f?
3
Suppose 3*d = -2*f + 168, d - 2*d = 2*f - 176. Suppose -3*u + 39 = -5*r - 21, 5*r = 5*u - f. What is the units digit of u?
5
Let c(p) be the first derivative of 17*p**3/3 + p + 6. What is the tens digit of c(1)?
1
Suppose 3*s - 2*r + r = 108, -5*s = 2*r - 169. What is the tens digit of s?
3
Suppose 0 = -t - 3 + 7. Let x be -1 - (-6 + 4/2). Suppose 15 = t*l + x. What is the units digit of l?
3
Let s(h) = h. Let v be s(1). Suppose -j = v - 4. Let a = j + 2. What is the units digit of a?
5
What is the tens digit of 46*2/12*3?
2
Let o be -1 - (144/(-3) - -1). Suppose 3*f - 5*f - o = x, -4*f - 120 = -5*x. Let h = f - -35. What is the units digit of h?
0
Suppose -3*b = -0*u + 2*u - 6, -b - u + 2 = 0. Suppose m + 0*m - 4*i - 20 = 0, 2*i + b = 0. What is the tens digit of m?
1
Let k be (-18)/(-3) + 1*-2. Suppose -234 = -k*p - 2*b, p = -0*b + 3*b + 41. Suppose 7*j = 3*j + p. What is the units digit of j?
4
Let h(g) = g**2 - 8*g - 14. Let l(r) = r**3 - 3*r + 2. Let q be l(3). Suppose n = -n + q. What is the units digit of h(n)?
6
Let q(b) = 2*b - 9. Let f(j) = 3*j + 2. Let z be f(3). What is the units digit of q(z)?
3
Suppose -z - 13 + 3 = 3*f, -5*z - 6 = 4*f. What is the units digit of (8/(-4))/(2/f)?
4
Let p be 66 + (-2 + 7 - 2). Suppose 0 = -2*f - f + p. What is the units digit of f?
3
Suppose -2*n + n = -14. Let h = n + -9. Suppose 5*f - h*x = 110, 3*f - 30 = 2*f + 3*x. What is the units digit of f?
8
Suppose 5*b + 4*m - 40 = -m, 2*m - 10 = 0. Suppose -b*t + k - 3*k = 2, 4*t = -4*k - 8. Suppose -5*p = -t*g - 25, -2*g = 10 - 0. What is the units digit of p?
3
Let o(k) = -k**3 - 3*k**2 + 2*k + 5. Let c be o(-4). Suppose -5*g + 9 + 6 = 0. Suppose g = 4*a - c. What is the units digit of a?
4
Suppose 5*w = 9*w - 732. What is the tens digit of w?
8
What is the units digit of (-3)/4 + (-95)/(-4)?
3
Let c = 464 - 274. What is the hundreds digit of c?
1
Let z = 27 - -17. What is the units digit of z?
4
Suppose 3*z = 2*n - 71, 0 = -3*n + z - 2*z + 90. Let o = n + -19. Suppose -2*l = l - o. What is the units digit of l?
4
Let c(y) = -39 + 82 - 4*y - 44. Suppose 0 = -2*g - 0 - 6. What is the tens digit of c(g)?
1
Let y = -38 - -63. What is the tens digit of 96/10 - (-10)/y?
1
Suppose -274 - 131 = -5*s. What is the units digit of s?
1
Suppose 52 = -3*l - l. Let m = 6 + l. Let n = m - -14. What is the units digit of n?
7
Let r be (-8)/(-24) + 58/6. Suppose -4*b + r = 5*y - 50, -4*y - 5*b + 48 = 0. What is the tens digit of y?
1
Suppose -v - 6 = -3*v. Suppose -h + 0*l = 5*l - 29, -v*h - 5*l + 47 = 0. What is the units digit of h?
9
Let i be 2 + (-2 - -8) + -3. Let w(q) = -q**2 + 3*q. Let k be w(i). Let n(p) = p**3 + 10*p**2 - 2*p - 13. What is the units digit of n(k)?
7
Let z = 6 + 12. What is the units digit of z?
8
Suppose 5*z + 4*u - 5*u = 11, 3*u - 1 = -2*z. Suppose -z*g + 44 + 0 = 0. What is the tens digit of g?
2
Let y(m) = -7*m - 1. Let n be y(1). Let i(b) = -3*b - 9. What is the tens digit of i(n)?
1
Let m(x) = 3*x - 9*x**3 - 6*x + 1 + 3*x. What is the units digit of m(-1)?
0
Let d = -1 - -7. Let x(z) = 2*z**2 - z. Let a be x(-2). Let o = a - d. What is the units digit of o?
4
Let m = 17 + -11. What is the units digit of m?
6
Let p(o) = -5*o**2 + 6*o**2 - 9*o**3 + 1 - 2*o + 2*o + o. Let b(j) = -j**2 + 6*j - 1. Let w be b(6). What is the units digit of p(w)?
0
Suppose -2 = -0*z + z. What is the tens digit of (216/(-15))/z*5?
3
Let g(i) = i**2 + 3*i + 2. Let p be g(-2). Suppose v - 6*v - 30 = p. Let l = -4 - v. What is the units digit of l?
2
Let z = 4 - 0. Suppose 2*f - 22 - z = 0. What is the units digit of f?
3
Suppose 4*n - 5*n = -4. Let p = -2 + n. Suppose -a + 2*y = -12, p*y + y - 4 = -4*a. What is the units digit of a?
4
What is the tens digit of ((-12)/8)/(3 - (-462)/(-152))?
3
Suppose 2*v = 5*b - 144, 0*v - 3*v = -b + 34. What is the tens digit of b?
2
Let u(i) = -174*i**3 + 2*i + 1. What is the tens digit of u(-1)?
7
Let g(l) = -l**2 - 9*l - 5. Let u be g(-7). Let p(y) = -y**2 - 5*y + 13*y + 2*y. What is the units digit of p(u)?
9
Suppose 3*k + 2*g - 5*g = 249, 3*g - 141 = -2*k. Let v = -50 + k. Suppose 0*f + 2*f - v = 0. What is the units digit of f?
4
Let o be (-2 + 4 - -3)/1. Suppose 0 = -3*x - o*d + 33, 5*x = -0*x + 5*d + 55. What is the units digit of x?
1
Suppose 4*k + k = 10. Suppose 4*n - 5*x + 5 = 101, -k*n = 3*x - 48. What is the tens digit of n?
2
Suppose -g = -71 - 3. Suppose 0 = -3*f - 4*y + g, -5*y - 4 = -5*f + 131. Let v = f - 15. What is the units digit of v?
1
Let l be (-1)/(228/(-75) - -3). Suppose -5*x - 2*j = -33, -x - 2*j = 3*j - l. What is the units digit of x?
5
Suppose 2*c - 114 = -y, 2*c + 0*y + 2*y - 110 = 0. What is the tens digit of c?
5
Let t(r) = -r**3 - 9*r**2 - 8*r + 4. Let h be t(-8). Let b = 1 + h. Suppose -5*j + 2*u + 20 = b*u, 4*j + 3*u - 13 = 0. What is the units digit of j?
7
Suppose 0 = 2*k - 1 - 1. Let f = -17 - -14. What is the units digit of k/f*-1*9?
3
Let x be ((-6)/10)/((-3)/15). Suppose 4*u - 41 = -x*w, -5*u + 13 = -3*u + 3*w. What is the units digit of u?
4
Let l = -1 + 8. Suppose 0 = 2*s - l*s + 5*o + 25, -4*o - 5 = -s. What is the units digit of s?
5
Let y = 165 + -96. Suppose -g - y = 2*g. What is the units digit of g/(-5) + (-12)/(-30)?
5
Suppose -6 = -n - n. What is the units digit of n?
3
What is the units digit of (-2)/((-6)/11)*12?
4
Let v be (5/(-3))/(-5)*0. Suppose 4*p - w = -v*w + 87, 2*w = 10. What is the tens digit of p?
2
Suppose 0 = u - 0*u - 56. Let w = 82 - u. What is the tens digit of w?
2
Let o(w) = -w - 3. Let